
Calculate the remainder when 2237062 is divided by 89481.
37
What is the remainder when 425757 is divided by 227?
132
What is the remainder when 121847 is divided by 3122?
89
Calculate the remainder when 430288 is divided by 1384.
1248
Calculate the remainder when 3679466 is divided by 129.
128
Calculate the remainder when 364364 is divided by 153.
71
Calculate the remainder when 653664 is divided by 29.
4
What is the remainder when 176027 is divided by 176?
27
Calculate the remainder when 12333318 is divided by 334.
34
What is the remainder when 17687474 is divided by 20?
14
Calculate the remainder when 22903301 is divided by 177.
32
Calculate the remainder when 2171187 is divided by 353.
237
Calculate the remainder when 281262 is divided by 468.
462
What is the remainder when 868610958 is divided by 3178?
3176
What is the remainder when 223926 is divided by 69?
21
Calculate the remainder when 278520 is divided by 69574.
224
Calculate the remainder when 8855125 is divided by 17329.
6
What is the remainder when 9897399 is divided by 1025?
1024
What is the remainder when 43131059 is divided by 60?
59
Calculate the remainder when 391568439 is divided by 5404.
3
Calculate the remainder when 53166610 is divided by 618216.
34
Calculate the remainder when 1103989 is divided by 451.
392
What is the remainder when 48502188 is divided by 28?
0
Calculate the remainder when 777694635 is divided by 1869.
1866
Calculate the remainder when 4356634 is divided by 1666.
44
What is the remainder when 35926 is divided by 1715?
1626
Calculate the remainder when 974899 is divided by 243719.
23
What is the remainder when 5542677 is divided by 115472?
21
Calculate the remainder when 21803 is divided by 7029.
716
Calculate the remainder when 2233374 is divided by 650.
624
What is the remainder when 55856 is divided by 27841?
174
What is the remainder when 287725 is divided by 10275?
25
Calculate the remainder when 2247784 is divided by 906.
904
What is the remainder when 1677566 is divided by 16?
14
Calculate the remainder when 13773028 is divided by 4590997.
37
Calculate the remainder when 1879548 is divided by 2183.
2168
What is the remainder when 10171989 is divided by 3588?
9
Calculate the remainder when 1615552 is divided by 807771.
10
What is the remainder when 266470 is divided by 1677?
1504
Calculate the remainder when 620604 is divided by 19393.
28
What is the remainder when 407852 is divided by 351?
341
Calculate the remainder when 119805 is divided by 14961.
117
What is the remainder when 2718297 is divided by 2210?
2207
Calculate the remainder when 5516676 is divided by 202.
56
What is the remainder when 145806252 is divided by 239?
0
What is the remainder when 10335288 is divided by 3906?
12
Calculate the remainder when 1668574 is divided by 109.
2
Calculate the remainder when 21931065 is divided by 8358.
8031
What is the remainder when 30667505 is divided by 13162?
45
What is the remainder when 1302701387 is divided by 869?
867
What is the remainder when 8986617 is divided by 4592?
73
What is the remainder when 69653 is divided by 1606?
595
Calculate the remainder when 226130 is divided by 329.
107
What is the remainder when 15407440 is divided by 3851856?
16
Calculate the remainder when 147262712 is divided by 1242.
14
What is the remainder when 1295030 is divided by 115?
15
Calculate the remainder when 151197 is divided by 734.
727
What is the remainder when 31023056 is divided by 226?
36
Calculate the remainder when 4630710 is divided by 661530.
0
Calculate the remainder when 20131360 is divided by 898.
894
Calculate the remainder when 35645 is divided by 144.
77
Calculate the remainder when 122577169 is divided by 3579.
3577
What is the remainder when 74394 is divided by 6763?
1
What is the remainder when 446765711 is divided by 15?
11
Calculate the remainder when 2543904 is divided by 2127.
12
What is the remainder when 276591065 is divided by 7833?
2
Calculate the remainder when 9418700 is divided by 18360.
20
What is the remainder when 350608 is divided by 2276?
104
Calculate the remainder when 931051 is divided by 2579.
32
Calculate the remainder when 56789 is divided by 1181.
101
What is the remainder when 5666298 is divided by 554?
540
Calculate the remainder when 17050621 is divided by 1118.
3
Calculate the remainder when 24214998 is divided by 31.
30
Calculate the remainder when 83326480 is divided by 3307.
1
What is the remainder when 522926 is divided by 130459?
1090
What is the remainder when 661739 is divided by 110281?
53
What is the remainder when 1012610 is divided by 2644?
2602
Calculate the remainder when 68764 is divided by 67398.
1366
Calculate the remainder when 22481606 is divided by 73.
15
What is the remainder when 1702641 is divided by 255?
6
What is the remainder when 6258226677 is divided by 9827?
9824
Calculate the remainder when 375952 is divided by 1279.
1205
What is the remainder when 92461 is divided by 1304?
1181
Calculate the remainder when 344766 is divided by 732.
726
What is the remainder when 376086 is divided by 1717?
63
What is the remainder when 2570939 is divided by 137?
134
Calculate the remainder when 31819725 is divided by 1127.
7
What is the remainder when 68534189 is divided by 91?
87
Calculate the remainder when 207172 is divided by 50.
22
What is the remainder when 154879 is divided by 10321?
64
Calculate the remainder when 16176 is divided by 3265.
3116
Calculate the remainder when 18611 is divided by 406.
341
What is the remainder when 122892 is divided by 4091?
162
Calculate the remainder when 1798957 is divided by 42831.
55
Calculate the remainder when 28584 is divided by 8967.
1683
Calculate the remainder when 532320 is divided by 2667.
1587
What is the remainder when 285387 is divided by 17786?
811
Calculate the remainder when 7629196 is divided by 2543059.
19
Calculate the remainder when 7280725 is divided by 23.
6
What is the remainder when 4393556 is divided by 9269?
50
What is the remainder when 160531 is divided by 185?
136
What is the remainder when 7307297 is divided by 74564?
25
Calculate the remainder when 1189678 is divided by 2632.
14
Calculate the remainder when 5280 is divided by 1688.
216
What is the remainder when 76493 is divided by 38244?
5
Calculate the remainder when 446490530 is divided by 166.
164
Calculate the remainder when 2725706 is divided by 5787.
29
Calculate the remainder when 100046447 is divided by 258.
239
What is the remainder when 513168 is divided by 171053?
9
What is the remainder when 49438956 is divided by 1241?
1239
What is the remainder when 22141551 is divided by 67?
61
Calculate the remainder when 9793973 is divided by 81.
20
Calculate the remainder when 34561 is divided by 93.
58
Calculate the remainder when 13449004 is divided by 3362243.
32
What is the remainder when 105707 is divided by 519?
350
What is the remainder when 1811918 is divided by 11618?
11128
Calculate the remainder when 2602849 is divided by 2602832.
17
Calculate the remainder when 50967625 is divided by 25483812.
1
What is the remainder when 178865 is divided by 132?
5
What is the remainder when 1947243 is divided by 653?
650
What is the remainder when 13123008 is divided by 517?
514
Calculate the remainder when 95487004 is divided by 253.
250
What is the remainder when 9604924 is divided by 57?
25
What is the remainder when 2329237 is divided by 179157?
196
Calculate the remainder when 2478023 is divided by 619498.
31
What is the remainder when 316611 is divided by 316595?
16
What is the remainder when 26235822 is divided by 1052?
1046
What is the remainder when 2484157 is divided by 413973?
319
What is the remainder when 9715 is divided by 38?
25
Calculate the remainder when 105754 is divided by 11749.
13
What is the remainder when 982021 is divided by 97?
90
What is the remainder when 702892 is divided by 547?
544
What is the remainder when 184783 is divided by 46151?
179
What is the remainder when 504525 is divided by 18686?
3
What is the remainder when 12151691 is divided by 110?
101
Calculate the remainder when 14453245 is divided by 78.
1
Calculate the remainder when 7088241 is divided by 830.
41
What is the remainder when 8939398 is divided by 43?
42
What is the remainder